.
5, 997
Let w be (-3638 + -12 + 8)/(-3). Let u = -562 + w. What are the prime factors of u?
2, 163
Suppose -3*k + 23161 = 2*l, -5*l + 13625 = -5*k - 44215. List the prime factors of l.
71, 163
Let c(o) = -18*o**2 + 4*o - 7. Let u be c(8). Let w = -610 - u. List the prime factors of w.
11, 47
Let d = -2772 - -4992. List the prime factors of d.
2, 3, 5, 37
Let v = 270 + -748. Let o = v - -731. List the prime factors of o.
11, 23
Suppose 7*t - 197497 = -33*t + 78703. List the prime factors of t.
5, 1381
Let b(g) = -2 - 4 + 13*g**2 - 12*g + 34 - g**3. List the prime factors of b(12).
2, 7
Suppose 27*q - 383814 + 129609 = 0. What are the prime factors of (-1)/3 + q/21 + 3?
11, 41
Let j(v) be the third derivative of 1/12*v**5 + 0 + 1/2*v**3 + 7*v**2 - 11/24*v**4 + 1/120*v**6 + 0*v. What are the prime factors of j(-5)?
2, 29
Let f(x) = 2*x - x + 6 + 9. Let k(a) = 9*a + 486. Let h be k(-52). List the prime factors of f(h).
3, 11
Let q(u) = 6724*u**2 + 136*u - 137. What are the prime factors of q(1)?
3, 83
Let i(s) = -1 + 4 + 2*s - 6 - 4. Let f be i(5). Suppose -5*n - 2*j = -166, 0 = 2*n - 6*n - f*j + 137. List the prime factors of n.
2
Let a = 475 - 244. Let v = 164 - a. Let y = v + 169. What are the prime factors of y?
2, 3, 17
Let t = -32 + 37. Suppose 3*h + 273 = -5*c, -t*h - 13 = -3*c + 476. Let l = 159 + h. What are the prime factors of l?
3, 7
Suppose -n + 18 = -2*b, 4*n + b = 26 + 1. Let z be ((-12)/(-9))/(n/12). Suppose 3*k - k + z*m - 154 = 0, 4*m + 430 = 5*k. What are the prime factors of k?
2, 41
Suppose 4*m + 90 = -18. Let r be 1260/m + 4/6. List the prime factors of (r/8)/(25/(-200)).
2, 23
Let z(c) = 191*c**3 - 15*c**2 + 32*c + 22. Let h(y) = -127*y**3 + 10*y**2 - 23*y - 15. Let l(r) = -7*h(r) - 5*z(r). List the prime factors of l(-3).
17, 107
Suppose 256*x + 1062 = 259*x. Suppose -x = -2*q + 842. What are the prime factors of q?
2, 13, 23
Let b be (-3)/((-21)/(-14)) + (-23)/(-1). What are the prime factors of 4207/b + (-2)/(-3)?
3, 67
Suppose -3*g = 2*c - 52500, 516*g - 512*g = 3*c - 78767. List the prime factors of c.
3, 2917
Suppose 5*p - 816 = -2*t, -6*t = -9*t - 2*p + 1202. Let s = t + -12. What are the prime factors of s?
2, 193
Suppose -3*y = 2*y - 1620. Let l be (-5*(-5)/75)/((-2)/(-18)). Suppose -l*a + 5*z + 320 = 2*a, y = 5*a - 4*z. What are the prime factors of a?
2, 17
List the prime factors of 748*(-914)/(-8) - (9 - 0).
2, 5, 1709
Suppose -23*d + 14*d + 450 = 0. Let l = 844 - d. What are the prime factors of l?
2, 397
Suppose -2*l - 5*s + 53 = 8, -84 = -3*l - 2*s. Suppose 0 = -4*j + 1542 + l. Suppose -4*r + r = 4*x - 396, -3*r + j = 3*x. List the prime factors of r.
2
Let z = 3677 - 3675. Let u(b) = -b. Let n be u(-4). Suppose x + z*o - 52 = 0, n*o - 4 = 6*o. List the prime factors of x.
2, 7
Suppose 969026 + 68899 = 9*v + 6*v. List the prime factors of v.
3, 5, 7, 659
Suppose -3*v = 4*o - 1094, 2*o - 542 = 7*v - 6*v. Suppose -4*k - o = -2*w, 4*k = 5*w + 176 - 868. List the prime factors of w.
2, 5, 7
Let w be 1/1 - (1 - -8). Let k(q) = 27*q - 36. Let c(z) = 23*z - 34. Let d(f) = -4*c(f) + 3*k(f). What are the prime factors of d(w)?
2, 29
Suppose 3 = v, 3*v + 5 - 16 = i. Suppose 0 = -2*p - 3*p + 5*o + 605, -p = o - 119. What are the prime factors of (i - (-7)/2)/(15/p)?
2, 3
Suppose 141537 = 88*o - 52300 - 322547. What are the prime factors of o?
2, 3, 163
Let c(a) be the first derivative of -a**4/2 - 4*a**3/3 + 13*a**2/2 + 15*a - 54. List the prime factors of c(-6).
3, 5
Let n be -13 + 10 - (-1 + -4)*1. Suppose n*c - 414 - 90 = -4*x, 0 = -5*x - c + 630. List the prime factors of x.
2, 3, 7
Let m(b) = -2*b**2 - 37*b - 29. Let o be m(-13). Suppose 3 + 3 = 2*p. Suppose -p*h + 207 = -o. What are the prime factors of h?
107
Suppose 4*v - 5*h = -111, 2*h = 3*v + 4*h + 112. Let p = v + 46. Suppose -212 = -5*n + 3*u + 36, 3*u = p. What are the prime factors of n?
2, 13
Suppose -14*z + 19*z = 5. List the prime factors of ((-1)/2)/((-726)/(-732) - z).
61
Let c = 2 + 38. Let m(k) = 3*k - 15. Let u be m(14). Let v = c - u. What are the prime factors of v?
13
Let y = 3307 - -498. What are the prime factors of y?
5, 761
Let i = 413 + -405. Suppose -1626 - 2883 = -3*h - 3*c, 2*c = i. What are the prime factors of h?
1499
Suppose 33*f = -28*f + 267119. List the prime factors of f.
29, 151
Let d be 14 - 16 - 1*(2 - 1). Let t be 0*(-2)/(-4*d/6). Suppose -2*r - 2*z + 96 = t, 4*r = z + 174 + 8. List the prime factors of r.
2, 23
Let o(b) = -25*b + 417. Suppose -3*z - 103 = z - 5*q, -4*q = -2*z - 50. List the prime factors of o(z).
2, 3, 7, 13
Let o = -39 + 39. Suppose -2*x + 7*x - 125 = o. Let f = x + 56. List the prime factors of f.
3
Suppose -3*t - b + 3629 = 0, 0 = 4*t - b - 4*b - 4807. Suppose -3*z = 5*d - 1095 - t, 1836 = 4*d + 4*z. List the prime factors of d.
463
Let c = -30 + 39. Suppose c*h - 15*h + 12 = 0. What are the prime factors of -3 + 32 + h + -4?
3
Let b = -115 + 74. Let j = b - -199. List the prime factors of j.
2, 79
Let o be (9/(-48)*-4)/(24/128). Suppose -n - o*n + 365 = 0. What are the prime factors of n?
73
Let a(o) = 10767*o**2 - 14*o + 99. What are the prime factors of a(2)?
179, 241
What are the prime factors of (-138)/(-8)*(25206/18 - 15)?
23, 1039
Suppose 0 = 2*n - z + 3, z - 3 = -7*n + 6*n. Let y be -1*(4 + -3)*-3. Suppose -y*c + n*c = -105. What are the prime factors of c?
5, 7
Let p = 404 - 587. Let f be 5 - p*6/(-9). What are the prime factors of (2/(-9) - 17576/f) + -2?
2, 37
Let t be ((-60)/18)/((-2)/6). Suppose -4*c + 2 = t. List the prime factors of (-34)/(-3 - 4/c).
2, 17
Let n be -5 + 8 + 2*(-2)/4. List the prime factors of (11 + -14)/(((-6)/175)/n).
5, 7
Let g = -22028 + 32938. What are the prime factors of g?
2, 5, 1091
Suppose 161*u - 14931 = 154*u. What are the prime factors of u?
3, 79
Suppose i - 11 = -7. Suppose 16 = i*g, -3*l + 276 + 528 = 3*g. What are the prime factors of l?
2, 3, 11
Let t = 14 + -11. Suppose -4*y - 3 = 6*f - t*f, 3*y = -f - 6. Suppose -8*s = -f*s - 295. What are the prime factors of s?
59
Suppose 2*f = -4*f + 2*f. Suppose f = 18*l - 199 - 3527. What are the prime factors of l?
3, 23
Suppose w - 29*c - 16 = -31*c, 3*w + 3*c - 51 = 0. List the prime factors of 3/w*1022 + (-4)/(-6).
3, 19
Let m(p) be the third derivative of p**5/60 + 3*p**4/8 + 7*p**3/3 - 14*p**2. Let i be m(-7). Suppose 150 = 6*l - i*l. List the prime factors of l.
5
Let l = 22124 + 10262. What are the prime factors of l?
2, 16193
Suppose 0 = 2*l + 2*k - 13036, -431*k = 3*l - 434*k - 19560. What are the prime factors of l?
3, 41, 53
Let x = 7085 - 3808. What are the prime factors of x?
29, 113
Suppose -8*i = 5*q - 10*i - 44823, -3*q = -7*i - 26888. What are the prime factors of q?
5, 11, 163
Suppose -5*d = -35 + 10. Suppose -j = 2*q - 6, -2*q + d*j + 9 = -9. Let g = q - -17. List the prime factors of g.
3, 7
Let u(q) = -28*q + 2666. What are the prime factors of u(0)?
2, 31, 43
Suppose 689 + 20270 = 3*r + 2*z, 34937 = 5*r + 2*z. What are the prime factors of r?
29, 241
Let d(w) be the first derivative of -1/2*w**2 + 26*w - 14. List the prime factors of d(-5).
31
Let v = -134 + 96. Let o = 50 + v. What are the prime factors of (2*93/(-24))/((-3)/o)?
31
Suppose -11*s + 7*s = -21*s + 223720. List the prime factors of s.
2, 5, 7, 47
Suppose 5*b + 7761 = -2*j, -5*b + 9*b = -2*j - 6210. Let n = b - -2733. List the prime factors of n.
2, 3, 197
Let z be (20/(-5) - -5)/(-1) - -4512. Suppose 2*t = 15*t - z. What are the prime factors of t?
347
Suppose 0 = -5*a + 9*a + 3*r - 18287, -3*a + 13710 = 4*r. List the prime factors of a.
2, 2287
Suppose 0 = -118*u + 416774 + 1202776. What are the prime factors of u?
3, 5, 61
Suppose -252505 = -48*b + 129383. List the prime factors of b.
2, 3, 13, 17
Suppose -44*v + 41*v = -315. Let t = 815 - v. Suppose 0 = -12*c + 7*c + t. List the prime factors of c.
2, 71
Suppose -37*z = 45*z - 422399 + 123673. What are the prime factors of z?
3643
Let q(y) = 2*y**2 + 10*y - 190. Let j be q(-22). Let o = -274 + j. What are the prime factors of o?
2, 71
Suppose n - 15591 = -3*o - 3126, -5*n + 2*o = -62206. List the prime factors of n.
2, 3, 17, 61
Let f(q) = q**3 + 105*q**2 + 141*q + 291. What are the prime factors of f(-93)?
2, 3, 15161
Suppose -q - 1 = 2*f, -f + 3*q + 2 + 1 = 0. Suppose 2*